se 16) to base 10
10
101001 (base 2) to base 16
29
What is 1 (base 15) in base 7?
1
What is -a (base 16) in base 15?
-a
-110 (base 2) to base 14
-6
18d (base 14) to base 12
229
Convert 513 (base 7) to base 5.
2010
What is -1133 (base 6) in base 7?
-540
Convert -1 (base 12) to base 15.
-1
21201 (base 3) to base 12
154
Convert 6 (base 10) to base 11.
6
What is 1 (base 12) in base 6?
1
Convert 2 (base 12) to base 6.
2
-4 (base 9) to base 13
-4
Convert 3 (base 11) to base 9.
3
What is 14 (base 13) in base 2?
10001
Convert -100 (base 3) to base 7.
-12
What is aa (base 15) in base 16?
a0
What is -22 (base 10) in base 7?
-31
Convert 22 (base 15) to base 9.
35
What is b (base 15) in base 7?
14
What is 47 (base 11) in base 9?
56
-3 (base 8) to base 15
-3
Convert 16 (base 16) to base 11.
20
Convert -10 (base 4) to base 11.
-4
86 (base 9) to base 3
2220
Convert -242 (base 6) to base 11.
-8a
1 (base 8) to base 3
1
Convert -313 (base 7) to base 2.
-10011101
What is a2 (base 15) in base 12?
108
-8 (base 11) to base 12
-8
58 (base 13) to base 7
133
What is -50 (base 9) in base 7?
-63
401 (base 5) to base 14
73
Convert a (base 16) to base 6.
14
Convert 50 (base 6) to base 5.
110
0 (base 8) to base 6
0
What is 63 (base 11) in base 15?
49
Convert 16 (base 8) to base 5.
24
-5 (base 8) to base 11
-5
-29 (base 16) to base 8
-51
-3 (base 8) to base 2
-11
What is -b (base 13) in base 15?
-b
Convert 2112 (base 4) to base 5.
1100
Convert -5 (base 16) to base 9.
-5
What is -360 (base 7) in base 14?
-d7
2 (base 9) to base 16
2
83 (base 9) to base 15
50
-23 (base 6) to base 8
-17
1 (base 4) to base 6
1
Convert 0 (base 8) to base 12.
0
Convert -3 (base 12) to base 8.
-3
Convert -4 (base 13) to base 14.
-4
-210 (base 13) to base 3
-111000
Convert -72 (base 8) to base 4.
-322
Convert -3 (base 4) to base 11.
-3
What is 12 (base 3) in base 8?
5
Convert -201 (base 5) to base 16.
-33
38 (base 13) to base 10
47
101 (base 5) to base 9
28
Convert 2 (base 5) to base 13.
2
177 (base 8) to base 11
106
-104 (base 16) to base 13
-170
Convert 100000 (base 2) to base 4.
200
101 (base 4) to base 2
10001
-5 (base 10) to base 14
-5
-32 (base 16) to base 11
-46
Convert 6 (base 13) to base 4.
12
Convert 2 (base 4) to base 12.
2
2 (base 12) to base 15
2
What is 14 (base 9) in base 13?
10
What is 156 (base 9) in base 12?
b0
Convert 1 (base 3) to base 12.
1
What is 11110111 (base 2) in base 11?
205
Convert -f (base 16) to base 9.
-16
Convert -9 (base 12) to base 13.
-9
Convert -12 (base 3) to base 9.
-5
Convert -102 (base 7) to base 13.
-3c
-1000 (base 4) to base 8
-100
What is -1 (base 14) in base 11?
-1
Convert -25 (base 8) to base 3.
-210
What is 321 (base 6) in base 9?
144
Convert 5 (base 6) to base 3.
12
7 (base 8) to base 7
10
Convert 353 (base 6) to base 9.
166
-200 (base 9) to base 13
-c6
What is 2202 (base 4) in base 11?
138
Convert 3 (base 6) to base 15.
3
What is 1003 (base 6) in base 16?
db
What is -65 (base 11) in base 4?
-1013
What is 335 (base 6) in base 12?
ab
1 (base 2) to base 15
1
What is -12112 (base 3) in base 14?
-a9
Convert 4 (base 13) to base 8.
4
What is 3 (base 5) in base 13?
3
2a (base 13) to base 12
30
What is 10111 (base 2) in base 5?
43
1032 (base 5) to base 13
ac
2 (base 15) to base 16
2
11 (base 2) to base 8
3
What is 3 (base 11) in base 10?
3
2 (base 5) to base 2
10
What is -10 (base 2) in base 3?
-2
0 (base 14) to base 10
0
Convert -33 (base 5) to base 8.
-22
59 (base 12) to base 5
234
Convert 123 (base 4) to base 9.
30
Convert -20 (base 8) to base 15.
-11
Convert -20 (base 12) to base 2.
-11000
What is -21100 (base 3) in base 6?
-530
What is 7 (base 15) in base 11?
7
What is -76 (base 8) in base 10?
-62
8 (base 9) to base 7
11
What is 4 (base 7) in base 14?
4
Convert -24 (base 13) to base 11.
-28
10 (base 3) to base 4
3
What is 1 (base 8) in base 7?
1
Convert -111 (base 5) to base 7.
-43
Convert 1 (base 16) to base 4.
1
7 (base 13) to base 14
7
Convert 7 (base 16) to base 3.
21
-2 (base 10) to base 4
-2
What is 10 (base 3) in base 12?
3
What is -139 (base 13) in base 15?
-e7
What is 17 (base 14) in base 9?
23
What is -14 (base 7) in base 14?
-b
What is -100 (base 2) in base 5?
-4
-94 (base 10) to base 13
-73
Convert -2 (base 10) to base 9.
-2
Convert 9 (base 10) to base 13.
9
Convert 11 (base 2) to base 5.
3
Convert -182 (base 12) to base 14.
-134
100 (base 3) to base 7
12
Convert -2223 (base 4) to base 9.
-210
What is 1101 (base 2) in base 5?
23
Convert ab (base 13) to base 16.
8d
-6 (base 11) to base 5
-11
What is -3 (base 6) in base 5?
-3
Convert -24 (base 6) to base 10.
-16
Convert 1 (base 9) to base 11.
1
What is 361 (base 9) in base 7?
604
-333 (base 8) to base 5
-1334
What is -20 (base 8) in base 5?
-31
-22 (base 10) to base 14
-18
-5 (base 11) to base 2
-101
b (base 15) to base 4
23
What is 8b (base 16) in base 2?
10001011
Convert -6 (base 10) to base 12.
-6
What is -c (base 14) in base 12?
-10
What is -21011 (base 3) in base 8?
-301
What is 6 (base 7) in base 13?
6
What is 9 (base 15) in base 4?
21
Convert 51 (base 9) to base 8.
56
100 (base 2) to base 14
4
Convert -58 (base 15) to base 3.
-10002
-3 (base 11) to base 7
-3
Convert -44 (base 5) to base 11.
-22
Convert 3 (base 7) to base 16.
3
Convert -40 (base 10) to base 4.
-220
What is -11 (base 3) in base 12?
-4
-12 (base 6) to base 12
-8
Convert 0 (base 16) to base 7.
0
Convert 15 (base 14) to base 15.
14
What is 11 (base 12) in base 3?
111
What is -43 (base 11) in base 16?
-2f
Convert -131 (base 5) to base 12.
-35
Convert -3 (base 16) to base 7.
-3
What is 312 (base 4) in base 6?
130
Convert 205 (base 8) to base 2.
10000101
Convert -4 (base 5) to base 3.
-11
-1 (base 11) to base 12
-1
Convert -23 (base 8) to base 2.
-10011
Convert -11 (base 2) to base 8.
-3
2 (base 15) to base 14
2
What is -2 (base 9) in base 2?
-10
Convert -17 (base 14) to base 12.
-19
Convert -8 (base 13) to base 4.
-20
What is -2 (base 9) in base 6?
-2
-181 (base 11) to base 2
-11010010
Convert -2 (base 10) to base 2.
-10
What is -15 (base 6) in base 4?
-23
Convert -2 (base 8) to base 2.
-10
What is -e (base 15) in base 2?
-1110
What is -40 (base 14) in base 10?
-56
8 (base 11) to base 15
8
-3 (base 9) to base 10
-3
Convert -235 (base 11) to base 2.
-100011000
Convert -3 (base 15) to base 11.
-3
30 (base 4) to base 5
22
What is -4 (base 9) in base 16?
-4
What is 102 (base 3) in base 7?
14
Convert 55 (base 10) to base 5.
210
What is 4a (base 14) in base 3?
2110
Convert 10 (base 14) to base 10.
14
Convert -1001 (base 3) to base 7.
-40
-140 (base 9) to base 12
-99
1 (base 16) to base 13
1
4 (base 12) to base 7
4
What is 0 (base 5) in base 6?
0
Convert -21 (base 5) to base 15.
-b
83 (base 13) to base 6
255
-6 (base 15) to base 9
-6
What is 1 (base 2) in base 7?
1
14 (base 13) to base 2
10001
Convert -5 (base 9) to base 12.
-5
Convert 1 (base 7) to base 9.
1
What is 403 (base 8) in base 4?
10003
Convert 15 (base 9) to base 13.
11
Convert -3 (base 8) to base 3.
-10
What is 3 (base 6) in base 16?
3
Convert -7 (base 14) to base 7.
-10
-30 (base 4) to base 5
-22
What is -12 (base 5) in base 14?
-7
What is -122 (base 5) in base 10?
-37
52 (base 12) to base 6
142
80 (base 14) to base 13
88
18 (base 10) to base 2
10010
4 (base 15) to base 8
4
What is -3 (base 9) in base 4?
-3
What is 2 (base 16) in base 13?
2
71 (base 15) to base 16
6a
123 (base 7) to base 11
60
What is -13 (base 8) in base 13?
-b
What is -4 (base 16) in base 12?
-4
What is -4 (base 12) in base 14?
-4
What is 16 (base 11) in base 9?
18
-3 (base 6) to base 14
-3
Convert -15 (base 15) to base 2.
-10100
-10 (base 3) to base 12
-3
Convert -28 (base 15) to base 9.
-42
-2 (base 9) to base 8
-2
-4 (base 5) to base 6
-4
Convert 4 (base 10) to base 9.
4
Convert 4 (base 9) to base 11.
4
0 (base 7) to base 11
0
Convert 12 (base 8) to base 15.
a
What is 101 (base 2) in base 12?
5
Convert -59 (base 11) to base 16.
-40
What is 31 (base 7) in base 4?
112
Convert -5 (base 14) to base 4.
-11
What is 100100 (base 2) in base 4?
210
-100 (base 4) to base 3
-121
What is 70 (base 8) in base 10?
56
What is -30 (base 11) in base 12?
-29
What is -432 (base 8) in base 2?
-100011010
Convert 8 (base 11) to base 7.
11
-5 (base 14) to base 12
-5
44 (base 7) to base 13
26
-7 (base 13) to base 12
-7
C